{"id":236,"date":"2016-10-04T18:25:51","date_gmt":"2016-10-04T18:25:51","guid":{"rendered":"https:\/\/www.caminhosdeferro.pt\/loja\/produto\/trainspotter-ii-dezembro-2016-pre-venda-ate-06122016\/"},"modified":"2023-04-20T19:09:56","modified_gmt":"2023-04-20T19:09:56","slug":"trainspotter-ii-dezembro-2016-pre-venda-ate-06122016","status":"publish","type":"product","link":"https:\/\/www.caminhosdeferro.pt\/loja\/produto\/trainspotter-ii-dezembro-2016-pre-venda-ate-06122016\/","title":{"rendered":"Trainspotter II &#8211; As locomotivas 1960"},"content":{"rendered":"<p style=\"text-align: justify;\"><strong>Segunda\u00a0edi\u00e7\u00e3o impressa da Trainspotter<\/strong><\/p>\n<p>A presente edi\u00e7\u00e3o inclui:<\/p>\n<ul>\n<li>Aquisi\u00e7\u00e3o e especifica\u00e7\u00e3o t\u00e9cnica<\/li>\n<li>Ensaios e primeiros anos<\/li>\n<li>A epopeia da Beira Alta<\/li>\n<li>Nas mercadorias, em exclusivo<\/li>\n<li>O decl\u00ednio da s\u00e9rie<\/li>\n<li>Manuten\u00e7\u00e3o e estat\u00edsticas<\/li>\n<li>Circula\u00e7\u00f5es especiais<\/li>\n<li>Na cabine de uma 1960<\/li>\n<li>Os \u00faltimos quil\u00f3metros<\/li>\n<\/ul>\n<p>Revista 100% a cores e com papel de muito boa qualidade.<\/p>\n<p>Ver em informa\u00e7\u00e3o adicional detalhes sobre as possibilidades de entrega.<\/p>\n<p>A revista Trainspotter \u00e9 editada pelo portal <a href=\"http:\/\/www.portugalferroviario.net\" target=\"_blank\" rel=\"noopener noreferrer\">Portugal Ferrovi\u00e1rio<\/a> e a sua edi\u00e7\u00e3o impressa \u00e9 cedida gratuitamente \u00e0 APAC, que a imprime e distribui. As verbas reunidas permitir\u00e3o investir em projetos de preserva\u00e7\u00e3o ferrovi\u00e1ria. Comprar a Trainspotter \u00e9 colaborar com a preserva\u00e7\u00e3o da mem\u00f3ria coletiva!<\/p>\n","protected":false},"excerpt":{"rendered":"<p style=\"text-align: justify;\">A Trainspotter II\u00a0\u00e9 dedicada \u00e0s m\u00edticas locomotivas 1960 da CP.<\/p>\n<p style=\"text-align: justify;\">Contamos com a colabora\u00e7\u00e3o de v\u00e1rios autores que emprestam a esta edi\u00e7\u00e3o\u00a0pelo menos\u00a056 p\u00e1ginas os seus melhores textos e fotografias de locomotivas de excep\u00e7\u00e3o.<\/p>\n<p style=\"text-align: justify;\">A pr\u00e9-venda decorre at\u00e9 ao dia 06\u00a0de Dezembro. A entrega das revistas decorrer\u00e1 a partir de 18 de Dezembro.\u00a0Ap\u00f3s a pr\u00e9-venda ser\u00e1 poss\u00edvel adquirir exemplares junto da APAC mas a sua disponibilidade n\u00e3o \u00e9 garantida e o pre\u00e7o ser\u00e1 de 13\u20ac.<\/p>\n<p style=\"text-align: justify;\">Desfrute\u00a0por isso da oportunidade de reservar o seu exemplar a um pre\u00e7o muito especial!<\/p>\n","protected":false},"featured_media":238,"comment_status":"open","ping_status":"closed","template":"","meta":[],"product_brand":[],"product_cat":[11],"product_tag":[48,38,49,12],"class_list":{"0":"post-236","1":"product","2":"type-product","3":"status-publish","4":"has-post-thumbnail","6":"product_cat-trainspotter-versao-impressa","7":"product_tag-cp-1960","8":"product_tag-fotografia","9":"product_tag-historia","10":"product_tag-revista","11":"product_shipping_class-livros","13":"first","14":"outofstock","15":"taxable","16":"shipping-taxable","17":"purchasable","18":"product-type-simple"},"_links":{"self":[{"href":"https:\/\/www.caminhosdeferro.pt\/loja\/wp-json\/wp\/v2\/product\/236","targetHints":{"allow":["GET"]}}],"collection":[{"href":"https:\/\/www.caminhosdeferro.pt\/loja\/wp-json\/wp\/v2\/product"}],"about":[{"href":"https:\/\/www.caminhosdeferro.pt\/loja\/wp-json\/wp\/v2\/types\/product"}],"replies":[{"embeddable":true,"href":"https:\/\/www.caminhosdeferro.pt\/loja\/wp-json\/wp\/v2\/comments?post=236"}],"wp:featuredmedia":[{"embeddable":true,"href":"https:\/\/www.caminhosdeferro.pt\/loja\/wp-json\/wp\/v2\/media\/238"}],"wp:attachment":[{"href":"https:\/\/www.caminhosdeferro.pt\/loja\/wp-json\/wp\/v2\/media?parent=236"}],"wp:term":[{"taxonomy":"product_brand","embeddable":true,"href":"https:\/\/www.caminhosdeferro.pt\/loja\/wp-json\/wp\/v2\/product_brand?post=236"},{"taxonomy":"product_cat","embeddable":true,"href":"https:\/\/www.caminhosdeferro.pt\/loja\/wp-json\/wp\/v2\/product_cat?post=236"},{"taxonomy":"product_tag","embeddable":true,"href":"https:\/\/www.caminhosdeferro.pt\/loja\/wp-json\/wp\/v2\/product_tag?post=236"}],"curies":[{"name":"wp","href":"https:\/\/api.w.org\/{rel}","templated":true}]}}