{"id":1739,"date":"2018-11-04T21:16:03","date_gmt":"2018-11-04T21:16:03","guid":{"rendered":"http:\/\/www.caminhosdeferro.pt\/loja\/?post_type=product&#038;p=1739"},"modified":"2023-05-19T23:08:44","modified_gmt":"2023-05-19T23:08:44","slug":"a-sinalizacao-ferroviaria-de-portugal-volume-i-sistemas-eletricos-e-eletromecanicos","status":"publish","type":"product","link":"https:\/\/www.caminhosdeferro.pt\/loja\/produto\/a-sinalizacao-ferroviaria-de-portugal-volume-i-sistemas-eletricos-e-eletromecanicos\/","title":{"rendered":"A Sinaliza\u00e7\u00e3o Ferrovi\u00e1ria de Portugal (Volume I) \u2013 Sistemas El\u00e9tricos e Eletromec\u00e2nicos"},"content":{"rendered":"<p>Os sistemas el\u00e9tricos (a rel\u00e9s) e eletromec\u00e2nicos fazem parte da sinaliza\u00e7\u00e3o ferrovi\u00e1ria portuguesa desde h\u00e1 muitas d\u00e9cadas,\u00a0e est\u00e3o agora em acentuado decl\u00ednio, prevendo-se o seu fim num futuro pr\u00f3ximo.<\/p>\n<p>Este livro, da autoria de Nuno Silv\u00e9rio Barrento, \u00e9 um contributo imprescind\u00edvel para registar estes sistemas que foram fundamentais para a moderniza\u00e7\u00e3o da circula\u00e7\u00e3o ferrovi\u00e1ria em Portugal, permitindo novos patamares de seguran\u00e7a e de efici\u00eancia da rede, particularmente nas grandes esta\u00e7\u00f5es. Partindo do extenso conhecimento t\u00e9cnico e profissional do autor, este livro inventaria e contextualiza todos os v\u00e1rios sistemas instalados aquando da eletrifica\u00e7\u00e3o da rede ferrovi\u00e1ria nacional, de fabricantes distintos como a Siemens, a Alstom ou a Ericsson.<\/p>\n<p>O livro conta com o pref\u00e1cio de Jos\u00e9 Guerra e o posf\u00e1cio de Francisco Cardoso dos Reis, bem como m\u00faltiplas fotografias, maioritariamente\u00a0de Pedro Ferreira, para ilustrar todas as tecnologias que fizeram e fazem a hist\u00f3ria dos sistemas el\u00e9tricos e eletromec\u00e2nicos de sinaliza\u00e7\u00e3o ferrovi\u00e1ria.<\/p>\n","protected":false},"excerpt":{"rendered":"<p>Em &#8220;Informa\u00e7\u00e3o Adicional&#8221; poder\u00e1 consultar os detalhes desta magn\u00edfica obra, de acabamento de superior qualidade e quase 200 p\u00e1ginas a cores.<\/p>\n","protected":false},"featured_media":1740,"comment_status":"open","ping_status":"closed","template":"","meta":[],"product_brand":[],"product_cat":[134],"product_tag":[119,120,38,117,118,121,52],"class_list":{"0":"post-1739","1":"product","2":"type-product","3":"status-publish","4":"has-post-thumbnail","6":"product_cat-livros_apac","7":"product_tag-alsthom","8":"product_tag-ericsson","9":"product_tag-fotografia","10":"product_tag-infraestrutura","11":"product_tag-jeumont","12":"product_tag-siemens","13":"product_tag-sinalizacao","14":"product_shipping_class-livros-grandes","16":"first","17":"outofstock","18":"taxable","19":"shipping-taxable","20":"purchasable","21":"product-type-simple"},"_links":{"self":[{"href":"https:\/\/www.caminhosdeferro.pt\/loja\/wp-json\/wp\/v2\/product\/1739","targetHints":{"allow":["GET"]}}],"collection":[{"href":"https:\/\/www.caminhosdeferro.pt\/loja\/wp-json\/wp\/v2\/product"}],"about":[{"href":"https:\/\/www.caminhosdeferro.pt\/loja\/wp-json\/wp\/v2\/types\/product"}],"replies":[{"embeddable":true,"href":"https:\/\/www.caminhosdeferro.pt\/loja\/wp-json\/wp\/v2\/comments?post=1739"}],"wp:featuredmedia":[{"embeddable":true,"href":"https:\/\/www.caminhosdeferro.pt\/loja\/wp-json\/wp\/v2\/media\/1740"}],"wp:attachment":[{"href":"https:\/\/www.caminhosdeferro.pt\/loja\/wp-json\/wp\/v2\/media?parent=1739"}],"wp:term":[{"taxonomy":"product_brand","embeddable":true,"href":"https:\/\/www.caminhosdeferro.pt\/loja\/wp-json\/wp\/v2\/product_brand?post=1739"},{"taxonomy":"product_cat","embeddable":true,"href":"https:\/\/www.caminhosdeferro.pt\/loja\/wp-json\/wp\/v2\/product_cat?post=1739"},{"taxonomy":"product_tag","embeddable":true,"href":"https:\/\/www.caminhosdeferro.pt\/loja\/wp-json\/wp\/v2\/product_tag?post=1739"}],"curies":[{"name":"wp","href":"https:\/\/api.w.org\/{rel}","templated":true}]}}