{"id":11606,"date":"2019-07-26T08:37:56","date_gmt":"2019-07-26T08:37:56","guid":{"rendered":"http:\/\/www.caminhosdeferro.pt\/loja\/?post_type=product&#038;p=11606"},"modified":"2026-03-19T12:41:28","modified_gmt":"2026-03-19T12:41:28","slug":"trainspotter-xi-a-linha-do-douro-volume-3","status":"publish","type":"product","link":"https:\/\/www.caminhosdeferro.pt\/loja\/produto\/trainspotter-xi-a-linha-do-douro-volume-3\/","title":{"rendered":"Trainspotter XI &#8211; A Linha do Douro &#8211; Volume 3 &#8211; Com defeito"},"content":{"rendered":"<p><strong>D\u00e9cima primeira edi\u00e7\u00e3o da Trainspotter, vers\u00e3o impressa &#8211; o \u00faltimo volume da trilogia sobre a linha do Douro<\/strong><\/p>\n<p>Esta edi\u00e7\u00e3o detalha com grande pormenor os seguintes temas:<\/p>\n<ul>\n<li>O material circulante da linha do Douro<\/li>\n<li>As carruagens Schindler<\/li>\n<li>Variante de Los Celamines<\/li>\n<li>Cais e Ramais Particulares<\/li>\n<li>Aspectos singulares da sinaliza\u00e7\u00e3o do Douro<\/li>\n<li>Moderniza\u00e7\u00e3o urbana da linha<\/li>\n<li>Electrifica\u00e7\u00e3o Ca\u00edde &#8211; Marco de Canaveses<\/li>\n<li>Aspectos azulejares decorrentes da moderniza\u00e7\u00e3o<\/li>\n<li>Pocinho &#8211; Barca d&#8217;Alva &#8211; que futuro<\/li>\n<\/ul>\n<p>Revista 100% a cores e com papel de muito boa qualidade. Cerca de 100 p\u00e1ginas, encaderna\u00e7\u00e3o com capa fresada e colada e lombada identificadora.<\/p>\n<p>Ver em informa\u00e7\u00e3o adicional detalhes sobre as possibilidades de entrega e prazos previstos.<\/p>\n<p>A revista Trainspotter \u00e9 editada pelo portal <a href=\"http:\/\/www.portugalferroviario.net\" target=\"_blank\" rel=\"noopener noreferrer\">Portugal Ferrovi\u00e1rio<\/a> e a sua edi\u00e7\u00e3o impressa \u00e9 cedida gratuitamente \u00e0 APAC, que a imprime e distribui. As verbas reunidas permitir\u00e3o investir em projetos de preserva\u00e7\u00e3o ferrovi\u00e1ria. Comprar a Trainspotter \u00e9 colaborar com a preserva\u00e7\u00e3o da mem\u00f3ria coletiva!<\/p>\n","protected":false},"excerpt":{"rendered":"<p><strong>N\u00e3o nos sobram mais unidades desta revista sem defeito. Dado o interesse da publica\u00e7\u00e3o, disponibilizamos ao p\u00fablico as \u00faltimas unidades que possu\u00edmos, que t\u00eam um corte na parte exterior da lombada, vis\u00edvel. N\u00e3o t\u00eam qualquer dano no interior. A redu\u00e7\u00e3o de pre\u00e7o \u00e9 aplic\u00e1vel aos items danificados. N\u00e3o s\u00e3o aceites reclama\u00e7\u00f5es devido a este defeito.<\/strong><\/p>\n<hr \/>\n<p style=\"text-align: justify;\">A Trainspotter XI \u00e9 a terceira e \u00faltima parte sobre a colec\u00e7\u00e3o de revistas dedicada \u00e0 linha do Douro!<\/p>\n<p style=\"text-align: justify;\">Contamos com a colabora\u00e7\u00e3o de v\u00e1rios autores que emprestam a esta edi\u00e7\u00e3o muito especial com cerca de 100 p\u00e1ginas os seus melhores textos e fotografias sobre o magn\u00edfico itiner\u00e1rio entre Ermesinde e Barca d&#8217;Alva. \u00c9 o fecho do ciclo de edi\u00e7\u00f5es consagradas \u00e0 linha do Douro, com o mais especial de todos os n\u00fameros a completar a s\u00e9rie.<\/p>\n<p style=\"text-align: justify;\">Desfrute por isso da oportunidade de reservar o seu exemplar a um pre\u00e7o muito especial, at\u00e9 ao dia 15 de Setembro, durante a pr\u00e9-venda.<\/p>\n<p>Adicionalmente, abrimos tamb\u00e9m um per\u00edodo de manifesta\u00e7\u00e3o de interesse para a poss\u00edvel reedi\u00e7\u00e3o dos primeiros dois volumes, j\u00e1 esgotados, tendo em conta o interesse gerado e a possibilita\u00e7\u00e3o de completar a colec\u00e7\u00e3o. Se est\u00e1 interessado na aquisi\u00e7\u00e3o dos dois primeiros n\u00fameros, envie email para trainspotter @ portugalferroviario.net (sem os espa\u00e7os) para poder ser informado sobre esta nova oportunidade.<\/p>\n","protected":false},"featured_media":11607,"comment_status":"open","ping_status":"closed","template":"","meta":[],"product_brand":[],"product_cat":[11],"product_tag":[55],"class_list":{"0":"post-11606","1":"product","2":"type-product","3":"status-publish","4":"has-post-thumbnail","6":"product_cat-trainspotter-versao-impressa","7":"product_tag-linha-do-douro","8":"product_shipping_class-livros","10":"first","11":"instock","12":"taxable","13":"shipping-taxable","14":"purchasable","15":"product-type-simple"},"_links":{"self":[{"href":"https:\/\/www.caminhosdeferro.pt\/loja\/wp-json\/wp\/v2\/product\/11606","targetHints":{"allow":["GET"]}}],"collection":[{"href":"https:\/\/www.caminhosdeferro.pt\/loja\/wp-json\/wp\/v2\/product"}],"about":[{"href":"https:\/\/www.caminhosdeferro.pt\/loja\/wp-json\/wp\/v2\/types\/product"}],"replies":[{"embeddable":true,"href":"https:\/\/www.caminhosdeferro.pt\/loja\/wp-json\/wp\/v2\/comments?post=11606"}],"wp:featuredmedia":[{"embeddable":true,"href":"https:\/\/www.caminhosdeferro.pt\/loja\/wp-json\/wp\/v2\/media\/11607"}],"wp:attachment":[{"href":"https:\/\/www.caminhosdeferro.pt\/loja\/wp-json\/wp\/v2\/media?parent=11606"}],"wp:term":[{"taxonomy":"product_brand","embeddable":true,"href":"https:\/\/www.caminhosdeferro.pt\/loja\/wp-json\/wp\/v2\/product_brand?post=11606"},{"taxonomy":"product_cat","embeddable":true,"href":"https:\/\/www.caminhosdeferro.pt\/loja\/wp-json\/wp\/v2\/product_cat?post=11606"},{"taxonomy":"product_tag","embeddable":true,"href":"https:\/\/www.caminhosdeferro.pt\/loja\/wp-json\/wp\/v2\/product_tag?post=11606"}],"curies":[{"name":"wp","href":"https:\/\/api.w.org\/{rel}","templated":true}]}}

<p><strong>Décima primeira edição da Trainspotter, versão impressa &#8211; o último volume da trilogia sobre a linha do Douro</strong></p>
<p>Esta edição detalha com grande pormenor os seguintes temas:</p>
<ul>
<li>O material circulante da linha do Douro</li>
<li>As carruagens Schindler</li>
<li>Variante de Los Celamines</li>
<li>Cais e Ramais Particulares</li>
<li>Aspectos singulares da sinalização do Douro</li>
<li>Modernização urbana da linha</li>
<li>Electrificação Caíde &#8211; Marco de Canaveses</li>
<li>Aspectos azulejares decorrentes da modernização</li>
<li>Pocinho &#8211; Barca d&#8217;Alva &#8211; que futuro</li>
</ul>
<p>Revista 100% a cores e com papel de muito boa qualidade. Cerca de 100 páginas, encadernação com capa fresada e colada e lombada identificadora.</p>
<p>Ver em informação adicional detalhes sobre as possibilidades de entrega e prazos previstos.</p>
<p>A revista Trainspotter é editada pelo portal <a href="http://www.portugalferroviario.net" target="_blank" rel="noopener noreferrer">Portugal Ferroviário</a> e a sua edição impressa é cedida gratuitamente à APAC, que a imprime e distribui. As verbas reunidas permitirão investir em projetos de preservação ferroviária. Comprar a Trainspotter é colaborar com a preservação da memória coletiva!</p>

<p><strong>Não nos sobram mais unidades desta revista sem defeito. Dado o interesse da publicação, disponibilizamos ao público as últimas unidades que possuímos, que têm um corte na parte exterior da lombada, visível. Não têm qualquer dano no interior. A redução de preço é aplicável aos items danificados. Não são aceites reclamações devido a este defeito.</strong></p>
<hr />
<p style="text-align: justify;">A Trainspotter XI é a terceira e última parte sobre a colecção de revistas dedicada à linha do Douro!</p>
<p style="text-align: justify;">Contamos com a colaboração de vários autores que emprestam a esta edição muito especial com cerca de 100 páginas os seus melhores textos e fotografias sobre o magnífico itinerário entre Ermesinde e Barca d&#8217;Alva. É o fecho do ciclo de edições consagradas à linha do Douro, com o mais especial de todos os números a completar a série.</p>
<p style="text-align: justify;">Desfrute por isso da oportunidade de reservar o seu exemplar a um preço muito especial, até ao dia 15 de Setembro, durante a pré-venda.</p>
<p>Adicionalmente, abrimos também um período de manifestação de interesse para a possível reedição dos primeiros dois volumes, já esgotados, tendo em conta o interesse gerado e a possibilitação de completar a colecção. Se está interessado na aquisição dos dois primeiros números, envie email para trainspotter @ portugalferroviario.net (sem os espaços) para poder ser informado sobre esta nova oportunidade.</p>
